nder when 291 is divided by 15?
6
Calculate the remainder when 1576 is divided by 384.
40
Calculate the remainder when 83 is divided by 29.
25
Calculate the remainder when 133 is divided by 21.
7
Calculate the remainder when 80 is divided by 12.
8
Calculate the remainder when 278 is divided by 10.
8
What is the remainder when 63 is divided by 32?
31
Calculate the remainder when 113 is divided by 30.
23
What is the remainder when 60 is divided by 45?
15
What is the remainder when 676 is divided by 97?
94
Calculate the remainder when 683 is divided by 66.
23
Calculate the remainder when 1215 is divided by 38.
37
Calculate the remainder when 499 is divided by 84.
79
Calculate the remainder when 505 is divided by 173.
159
Calculate the remainder when 266 is divided by 31.
18
Calculate the remainder when 132 is divided by 19.
18
Calculate the remainder when 218 is divided by 37.
33
What is the remainder when 584 is divided by 67?
48
What is the remainder when 932 is divided by 9?
5
What is the remainder when 460 is divided by 15?
10
Calculate the remainder when 267 is divided by 18.
15
Calculate the remainder when 949 is divided by 19.
18
Calculate the remainder when 14 is divided by 10.
4
What is the remainder when 2699 is divided by 9?
8
Calculate the remainder when 368 is divided by 61.
2
Calculate the remainder when 40 is divided by 12.
4
Calculate the remainder when 143 is divided by 18.
17
Calculate the remainder when 423 is divided by 26.
7
What is the remainder when 10810 is divided by 17?
15
What is the remainder when 392 is divided by 129?
5
What is the remainder when 744 is divided by 308?
128
What is the remainder when 387 is divided by 78?
75
What is the remainder when 422 is divided by 72?
62
What is the remainder when 1482 is divided by 55?
52
What is the remainder when 19189 is divided by 202?
201
Calculate the remainder when 65 is divided by 14.
9
Calculate the remainder when 751 is divided by 122.
19
What is the remainder when 300 is divided by 73?
8
What is the remainder when 5509 is divided by 25?
9
What is the remainder when 12 is divided by 4?
0
Calculate the remainder when 1542 is divided by 119.
114
What is the remainder when 93 is divided by 48?
45
What is the remainder when 3327 is divided by 83?
7
What is the remainder when 511 is divided by 19?
17
What is the remainder when 11614 is divided by 74?
70
Calculate the remainder when 269 is divided by 30.
29
Calculate the remainder when 482 is divided by 137.
71
Calculate the remainder when 468 is divided by 80.
68
What is the remainder when 23 is divided by 3?
2
Calculate the remainder when 851 is divided by 845.
6
Calculate the remainder when 101 is divided by 51.
50
What is the remainder when 459 is divided by 9?
0
Calculate the remainder when 89 is divided by 47.
42
What is the remainder when 1219 is divided by 7?
1
What is the remainder when 4148 is divided by 1381?
5
What is the remainder when 173 is divided by 20?
13
What is the remainder when 3608 is divided by 43?
39
What is the remainder when 83 is divided by 39?
5
Calculate the remainder when 6017 is divided by 24.
17
Calculate the remainder when 745 is divided by 22.
19
What is the remainder when 85 is divided by 45?
40
Calculate the remainder when 61 is divided by 8.
5
Calculate the remainder when 540 is divided by 271.
269
What is the remainder when 56 is divided by 22?
12
What is the remainder when 458 is divided by 10?
8
What is the remainder when 1809 is divided by 1798?
11
What is the remainder when 616 is divided by 93?
58
Calculate the remainder when 354 is divided by 140.
74
Calculate the remainder when 2250 is divided by 749.
3
Calculate the remainder when 794 is divided by 80.
74
What is the remainder when 3131 is divided by 36?
35
Calculate the remainder when 187 is divided by 21.
19
What is the remainder when 43 is divided by 25?
18
What is the remainder when 87 is divided by 23?
18
Calculate the remainder when 332 is divided by 60.
32
Calculate the remainder when 266 is divided by 46.
36
Calculate the remainder when 175 is divided by 4.
3
What is the remainder when 916 is divided by 27?
25
What is the remainder when 110 is divided by 86?
24
Calculate the remainder when 2079 is divided by 94.
11
What is the remainder when 113 is divided by 58?
55
What is the remainder when 645 is divided by 59?
55
Calculate the remainder when 4951 is divided by 177.
172
What is the remainder when 326 is divided by 155?
16
Calculate the remainder when 2088 is divided by 99.
9
What is the remainder when 294 is divided by 44?
30
What is the remainder when 708 is divided by 71?
69
What is the remainder when 151 is divided by 17?
15
What is the remainder when 2718 is divided by 16?
14
What is the remainder when 841 is divided by 332?
177
What is the remainder when 139 is divided by 37?
28
What is the remainder when 182 is divided by 46?
44
Calculate the remainder when 107 is divided by 9.
8
What is the remainder when 4528 is divided by 197?
194
Calculate the remainder when 13285 is divided by 146.
145
Calculate the remainder when 4827 is divided by 35.
32
What is the remainder when 307 is divided by 79?
70
What is the remainder when 1414 is divided by 22?
6
What is the remainder when 383 is divided by 163?
57
Calculate the remainder when 17 is divided by 2.
1
Calculate the remainder when 294 is divided by 60.
54
Calculate the remainder when 663 is divided by 173.
144
Calculate the remainder when 1569 is divided by 262.
259
Calculate the remainder when 298 is divided by 23.
22
Calculate the remainder when 7 is divided by 6.
1
What is the remainder when 817 is divided by 305?
207
What is the remainder when 112 is divided by 49?
14
What is the remainder when 185 is divided by 17?
15
What is the remainder when 1328 is divided by 7?
5
What is the remainder when 131 is divided by 52?
27
Calculate the remainder when 31 is divided by 8.
7
What is the remainder when 199 is divided by 33?
1
What is the remainder when 158 is divided by 26?
2
Calculate the remainder when 396 is divided by 19.
16
Calculate the remainder when 72 is divided by 43.
29
What is the remainder when 67 is divided by 65?
2
What is the remainder when 166 is divided by 59?
48
Calculate the remainder when 18 is divided by 6.
0
Calculate the remainder when 238 is divided by 56.
14
What is the remainder when 380 is divided by 373?
7
Calculate the remainder when 1726 is divided by 171.
16
What is the remainder when 444 is divided by 86?
14
What is the remainder when 27 is divided by 15?
12
Calculate the remainder when 214 is divided by 71.
1
What is the remainder when 149 is divided by 39?
32
Calculate the remainder when 39406 is divided by 157.
156
Calculate the remainder when 59 is divided by 42.
17
Calculate the remainder when 1996 is divided by 37.
35
Calculate the remainder when 159 is divided by 37.
11
What is the remainder when 182 is divided by 31?
27
What is the remainder when 416 is divided by 379?
37
What is the remainder when 801 is divided by 19?
3
Calculate the remainder when 194 is divided by 56.
26
Calculate the remainder when 775 is divided by 147.
40
What is the remainder when 391 is divided by 157?
77
Calculate the remainder when 131 is divided by 54.
23
What is the remainder when 3026 is divided by 121?
1
Calculate the remainder when 779 is divided by 71.
69
Calculate the remainder when 215 is divided by 6.
5
Calculate the remainder when 14 is divided by 2.
0
Calculate the remainder when 1195 is divided by 149.
3
Calculate the remainder when 177 is divided by 12.
9
Calculate the remainder when 124 is divided by 22.
14
Calculate the remainder when 6357 is divided by 60.
57
Calculate the remainder when 475 is divided by 8.
3
Calculate the remainder when 2393 is divided by 242.
215
What is the remainder when 1996 is divided by 17?
7
Calculate the remainder when 335 is divided by 42.
41
What is the remainder when 409 is divided by 118?
55
What is the remainder when 344 is divided by 175?
169
What is the remainder when 186 is divided by 96?
90
Calculate the remainder when 26 is divided by 6.
2
What is the remainder when 452 is divided by 61?
25
What is the remainder when 204 is divided by 23?
20
Calculate the remainder when 3387 is divided by 15.
